90?
470
Calculate the greatest common factor of 27476 and 184.
4
What is the greatest common factor of 69 and 298609?
23
What is the highest common factor of 5489 and 2695?
11
What is the highest common factor of 1666663 and 578?
289
Calculate the greatest common divisor of 18 and 2180634.
6
Calculate the greatest common factor of 839 and 225691.
839
What is the highest common divisor of 46840 and 40?
40
What is the highest common factor of 1717515 and 9?
9
Calculate the greatest common factor of 846203 and 95.
19
What is the greatest common factor of 13329 and 171?
9
What is the highest common factor of 108596 and 102?
34
What is the highest common divisor of 1000 and 472?
8
What is the greatest common divisor of 144 and 165824?
16
Calculate the greatest common divisor of 14 and 226618.
14
What is the highest common divisor of 594 and 264?
66
What is the greatest common factor of 3146 and 35893?
143
Calculate the highest common divisor of 62656 and 256.
64
What is the greatest common factor of 1240 and 40445?
5
What is the highest common divisor of 44037 and 1554?
21
Calculate the greatest common factor of 9299 and 1641.
547
Calculate the highest common divisor of 10887 and 513.
57
What is the greatest common divisor of 24063 and 39?
39
Calculate the highest common factor of 150 and 67110.
30
What is the greatest common factor of 355397 and 21?
7
What is the highest common divisor of 668 and 7682?
334
What is the greatest common factor of 5382 and 11349?
117
What is the highest common factor of 947019 and 279?
93
What is the highest common factor of 14555 and 45369?
71
What is the greatest common divisor of 2314 and 481?
13
Calculate the greatest common divisor of 468 and 5694.
78
What is the highest common divisor of 70605 and 135?
135
What is the highest common factor of 2539 and 1?
1
What is the greatest common divisor of 136 and 94911?
17
Calculate the highest common factor of 450 and 8850.
150
Calculate the greatest common divisor of 9256 and 534.
178
What is the highest common divisor of 420 and 3613890?
210
Calculate the greatest common factor of 414 and 33718.
46
What is the greatest common divisor of 33 and 47993?
11
Calculate the highest common divisor of 150 and 187062.
6
What is the highest common divisor of 476 and 744674?
14
What is the greatest common divisor of 105795 and 5535?
45
What is the highest common factor of 17680 and 1235?
65
What is the greatest common factor of 909 and 72?
9
What is the highest common factor of 24500 and 22900?
100
Calculate the highest common factor of 4543 and 5192.
649
What is the highest common divisor of 3 and 256083?
3
Calculate the highest common divisor of 2760 and 384.
24
What is the greatest common divisor of 3750763 and 463?
463
Calculate the highest common factor of 107668 and 187.
11
What is the greatest common factor of 32 and 1057664?
32
What is the highest common factor of 11493 and 9?
9
What is the greatest common divisor of 79 and 97?
1
What is the highest common divisor of 126 and 89160?
6
What is the greatest common factor of 940 and 9212?
188
What is the greatest common divisor of 2718 and 165496?
302
Calculate the highest common divisor of 332 and 175213.
83
What is the highest common divisor of 2 and 32738?
2
What is the highest common divisor of 48 and 27344?
16
Calculate the highest common factor of 579 and 1698.
3
What is the highest common divisor of 506 and 308?
22
Calculate the greatest common factor of 3026 and 3471.
89
Calculate the highest common divisor of 1158050 and 530.
530
What is the highest common factor of 8526 and 21399?
21
Calculate the greatest common divisor of 5568 and 7395.
87
What is the highest common divisor of 2071 and 1843?
19
Calculate the highest common divisor of 36656 and 522.
58
What is the greatest common divisor of 2205372 and 871?
871
Calculate the highest common divisor of 792 and 67584.
264
What is the highest common factor of 1101275 and 5800?
725
What is the greatest common divisor of 67 and 4243177?
67
Calculate the greatest common divisor of 9948 and 828.
12
Calculate the highest common divisor of 1976 and 767752.
152
What is the highest common factor of 1 and 127914?
1
What is the highest common divisor of 613 and 1647131?
613
Calculate the highest common factor of 168289 and 11.
11
Calculate the greatest common divisor of 80640 and 30.
30
What is the highest common factor of 1008 and 6342?
42
Calculate the greatest common factor of 742 and 2572514.
742
Calculate the greatest common divisor of 46 and 616262.
46
What is the greatest common divisor of 2921 and 69?
23
Calculate the highest common factor of 168739 and 152.
19
Calculate the highest common factor of 385 and 248465.
35
Calculate the greatest common divisor of 3114 and 66778.
346
What is the highest common divisor of 8 and 1384?
8
What is the greatest common factor of 416965 and 89?
89
Calculate the highest common divisor of 429078 and 585.
39
Calculate the highest common divisor of 299024 and 176.
176
Calculate the greatest common divisor of 2134 and 52283.
1067
Calculate the highest common factor of 304102 and 5558.
794
What is the highest common divisor of 78083 and 6219?
691
Calculate the highest common divisor of 16269 and 154.
11
Calculate the greatest common factor of 11507 and 481.
37
Calculate the greatest common factor of 8052 and 1188.
132
What is the highest common divisor of 1419200 and 1200?
400
Calculate the highest common divisor of 920 and 291920.
40
Calculate the highest common factor of 366 and 31659.
183
Calculate the greatest common factor of 25002 and 36.
18
What is the greatest common divisor of 348 and 14703?
87
Calculate the highest common divisor of 446 and 1494100.
446
What is the greatest common divisor of 46930 and 156?
26
What is the greatest common factor of 500248 and 336?
56
What is the highest common factor of 18400 and 8740?
460
What is the greatest common factor of 88103 and 38?
19
What is the highest common divisor of 6 and 1320513?
3
Calculate the greatest common divisor of 3621 and 935.
17
Calculate the greatest common divisor of 646 and 1359184.
646
What is the highest common factor of 3506529 and 39?
39
Calculate the highest common divisor of 2323 and 12397.
23
What is the greatest common divisor of 21 and 2879457?
21
Calculate the highest common factor of 341107 and 2470.
247
What is the greatest common factor of 63 and 2317?
7
Calculate the greatest common divisor of 3306 and 16182.
174
Calculate the highest common factor of 877 and 81.
1
What is the highest common divisor of 442 and 1530?
34
Calculate the greatest common factor of 137442 and 2.
2
What is the highest common divisor of 2641715 and 170?
85
What is the greatest common factor of 48760 and 12328?
184
Calculate the greatest common divisor of 8808 and 48.
24
What is the highest common divisor of 538 and 6824530?
538
Calculate the highest common factor of 14382 and 3431.
47
What is the highest common factor of 104 and 32968?
104
What is the greatest common divisor of 124864 and 83893?
1951
What is the highest common factor of 9831 and 7743?
87
Calculate the greatest common divisor of 507351 and 13.
13
What is the highest common divisor of 248 and 43679?
31
Calculate the highest common divisor of 11242 and 42.
14
What is the highest common factor of 1005291 and 2268?
567
Calculate the highest common divisor of 1572568 and 620.
124
Calculate the highest common factor of 2916108 and 603.
603
What is the greatest common factor of 210 and 822255?
105
Calculate the greatest common divisor of 15592 and 5120.
8
Calculate the highest common divisor of 11703 and 423.
141
What is the highest common factor of 9797 and 21243?
97
What is the highest common factor of 6510 and 3465?
105
What is the highest common factor of 496785 and 9?
3
What is the highest common divisor of 67767 and 147?
147
What is the highest common factor of 343 and 44366?
7
Calculate the highest common factor of 208 and 884.
52
What is the highest common divisor of 16308 and 162?
54
Calculate the highest common divisor of 4215966 and 102.
102
What is the greatest common divisor of 63 and 70329?
21
Calculate the greatest common divisor of 761771 and 1737.
193
What is the highest common factor of 12065 and 13870?